1 is divided by 99.
95
Calculate the remainder when 161495 is divided by 160434.
1061
What is the remainder when 221285 is divided by 24?
5
What is the remainder when 9335967 is divided by 435?
432
What is the remainder when 6587113 is divided by 67?
8
What is the remainder when 504534 is divided by 68?
42
What is the remainder when 19623798 is divided by 13?
12
What is the remainder when 504951 is divided by 504757?
194
What is the remainder when 203918 is divided by 2124?
14
What is the remainder when 102472589 is divided by 146?
7
What is the remainder when 90269 is divided by 45100?
69
Calculate the remainder when 93032 is divided by 15478.
164
What is the remainder when 31044 is divided by 674?
40
What is the remainder when 194562 is divided by 1081?
1063
What is the remainder when 10219 is divided by 1972?
359
Calculate the remainder when 22333281 is divided by 1246.
1223
What is the remainder when 92594 is divided by 2263?
2074
Calculate the remainder when 30145 is divided by 96.
1
What is the remainder when 2065183 is divided by 217?
211
Calculate the remainder when 258599 is divided by 129131.
337
Calculate the remainder when 603770 is divided by 6038.
6008
What is the remainder when 68263004 is divided by 2036?
2032
Calculate the remainder when 154672 is divided by 9653.
224
Calculate the remainder when 3172734 is divided by 70505.
9
What is the remainder when 26865270 is divided by 28?
26
Calculate the remainder when 399012 is divided by 98254.
5996
What is the remainder when 36934 is divided by 8824?
1638
What is the remainder when 13185593 is divided by 7552?
7353
Calculate the remainder when 273212 is divided by 91052.
56
What is the remainder when 53782 is divided by 2804?
506
Calculate the remainder when 29223056 is divided by 14297.
14285
Calculate the remainder when 51063791 is divided by 236.
235
What is the remainder when 18777 is divided by 644?
101
Calculate the remainder when 20106003 is divided by 456954.
27
What is the remainder when 275483 is divided by 632?
563
What is the remainder when 37792726 is divided by 151778?
4
What is the remainder when 40973184 is divided by 2588?
2556
Calculate the remainder when 132883 is divided by 66176.
531
What is the remainder when 360433 is divided by 179991?
451
What is the remainder when 1859476 is divided by 1221?
1114
Calculate the remainder when 39745 is divided by 2478.
97
Calculate the remainder when 1436434 is divided by 1436016.
418
Calculate the remainder when 874300 is divided by 874283.
17
What is the remainder when 600577 is divided by 76?
25
Calculate the remainder when 3243337 is divided by 10.
7
What is the remainder when 679751 is divided by 339034?
1683
What is the remainder when 3529645 is divided by 771?
7
What is the remainder when 138971 is divided by 8079?
1628
What is the remainder when 328072 is divided by 1208?
704
What is the remainder when 387243 is divided by 4611?
4530
Calculate the remainder when 36473 is divided by 10644.
4541
What is the remainder when 19560887 is divided by 850473?
8
What is the remainder when 5891 is divided by 832?
67
What is the remainder when 97475321 is divided by 14?
13
Calculate the remainder when 66705 is divided by 5122.
119
Calculate the remainder when 1048479 is divided by 21843.
15
What is the remainder when 14915506 is divided by 31735?
56
What is the remainder when 509881447 is divided by 1690?
1687
What is the remainder when 81557 is divided by 40590?
377
What is the remainder when 202104 is divided by 50115?
1644
What is the remainder when 1091264 is divided by 113?
23
What is the remainder when 32985 is divided by 3101?
1975
Calculate the remainder when 13557567 is divided by 122140.
27
Calculate the remainder when 91972 is divided by 30121.
1609
Calculate the remainder when 212815 is divided by 3869.
20
What is the remainder when 95639385 is divided by 19?
16
What is the remainder when 451493 is divided by 176?
53
What is the remainder when 1235852 is divided by 308959?
16
What is the remainder when 156955 is divided by 918?
895
Calculate the remainder when 172422 is divided by 57190.
852
Calculate the remainder when 69677 is divided by 3538.
2455
Calculate the remainder when 31606675 is divided by 1975417.
3
Calculate the remainder when 51016409 is divided by 707.
703
Calculate the remainder when 685754 is divided by 28571.
50
Calculate the remainder when 2329519 is divided by 2067.
10
What is the remainder when 697243 is divided by 1811?
8
What is the remainder when 2207190 is divided by 2012?
26
What is the remainder when 1054706 is divided by 8587?
7092
What is the remainder when 1098511 is divided by 1934?
1933
What is the remainder when 347379 is divided by 115777?
48
What is the remainder when 476491 is divided by 278?
277
What is the remainder when 2868978 is divided by 2868964?
14
Calculate the remainder when 4365031 is divided by 1091243.
59
What is the remainder when 23578019 is divided by 9349?
9190
Calculate the remainder when 214591 is divided by 4266.
1291
Calculate the remainder when 21897 is divided by 619.
232
What is the remainder when 7322060 is divided by 1464402?
50
What is the remainder when 5714631 is divided by 471?
459
What is the remainder when 702272 is divided by 708?
644
What is the remainder when 2987944 is divided by 556?
0
Calculate the remainder when 3152086 is divided by 23523.
4
Calculate the remainder when 726144 is divided by 1565.
1549
What is the remainder when 3962728 is divided by 110?
88
Calculate the remainder when 150634 is divided by 1153.
744
Calculate the remainder when 9738775 is divided by 1082085.
10
What is the remainder when 53444531 is divided by 16?
3
What is the remainder when 44988 is divided by 7380?
708
What is the remainder when 29006747 is divided by 1020?
1007
What is the remainder when 13084157 is divided by 6?
5
What is the remainder when 6064567 is divided by 19563?
37
What is the remainder when 148567 is divided by 288?
247
What is the remainder when 22754879 is divided by 15?
14
What is the remainder when 4137494 is divided by 4369?
51
What is the remainder when 47262 is divided by 65?
7
Calculate the remainder when 76879 is divided by 315.
19
Calculate the remainder when 26751 is divided by 121.
10
What is the remainder when 436661 is divided by 436639?
22
What is the remainder when 19543637 is divided by 118?
5
Calculate the remainder when 8534845 is divided by 1706950.
95
Calculate the remainder when 19538 is divided by 4629.
1022
What is the remainder when 156067 is divided by 6495?
187
What is the remainder when 215010 is divided by 1114?
8
Calculate the remainder when 8145117 is divided by 1195.
1192
Calculate the remainder when 68856800 is divided by 20740.
0
What is the remainder when 3699319 is divided by 13259?
58
Calculate the remainder when 602538856 is divided by 261.
259
Calculate the remainder when 1121033 is divided by 46.
13
Calculate the remainder when 26531453 is divided by 1105476.
29
Calculate the remainder when 9688217 is divided by 44.
33
Calculate the remainder when 162878 is divided by 162338.
540
What is the remainder when 139983 is divided by 66805?
6373
Calculate the remainder when 6556353 is divided by 197.
193
What is the remainder when 49293519 is divided by 81?
78
Calculate the remainder when 19664175 is divided by 13.
11
What is the remainder when 37215 is divided by 17784?
1647
Calculate the remainder when 2661277 is divided by 73924.
13
Calculate the remainder when 1309321 is divided by 2764.
1949
Calculate the remainder when 1255337 is divided by 243.
242
Calculate the remainder when 433212 is divided by 11708.
16
Calculate the remainder when 121005667 is divided by 322.
321
What is the remainder when 240954 is divided by 96?
90
What is the remainder when 683563 is divided by 141?
136
What is the remainder when 12861 is divided by 10341?
2520
Calculate the remainder when 593983 is divided by 12561.
3616
Calculate the remainder when 197220 is divided by 4711.
4069
Calculate the remainder when 4901000 is divided by 86.
32
What is the remainder when 32769336 is divided by 963804?
0
What is the remainder when 1475921 is divided by 491966?
23
Calculate the remainder when 33093 is divided by 2511.
450
What is the 